{"id":114,"date":"2015-11-26T13:01:28","date_gmt":"2015-11-26T12:01:28","guid":{"rendered":"http:\/\/om2amb1.mavipet.sk\/?page_id=114"},"modified":"2022-12-26T16:43:55","modified_gmt":"2022-12-26T16:43:55","slug":"1ch-trx","status":"publish","type":"page","link":"https:\/\/om2amb.mavipet.sk\/?page_id=114","title":{"rendered":"1ch TRX"},"content":{"rendered":"<p>Jednoduch\u00fd TRX z dorji modulom. Pou\u017e\u00edvan\u00fd pre APRS a packet r\u00e1dio. Zmenu frekvencie mo\u017eno len rekompil\u00e1ciou FW (cena za pou\u017eitie mal\u00e9ho MCU). V pr\u00edpade probl\u00e9mu z komunik\u00e1ciou medzi MCU a TRX modulom je zablokovan\u00fd PTT, a LED ostane svieti\u0165 \u010di blik\u00e1. Po \u00faspe\u0161nej konfigur\u00e1cii modulu LED svieti po\u010das vysielania. (<a href=\"https:\/\/svn.mavipet.sk\/svn\/ham-projects\/dorji_TRXs\/1ch_trx\/SW\/tiny\/\">zdrojove kody<\/a>)<\/p>\n<p><a href=\"https:\/\/om2amb.mavipet.sk\/wp-content\/uploads\/2015\/11\/TRX.jpg\"><img loading=\"lazy\" decoding=\"async\" class=\"alignnone wp-image-127 size-large\" src=\"https:\/\/om2amb.mavipet.sk\/wp-content\/uploads\/2015\/11\/TRX-1024x722.jpg\" alt=\"1ch TRX Schema\" width=\"700\" height=\"494\" srcset=\"https:\/\/om2amb.mavipet.sk\/wp-content\/uploads\/2015\/11\/TRX-1024x722.jpg 1024w, https:\/\/om2amb.mavipet.sk\/wp-content\/uploads\/2015\/11\/TRX-300x211.jpg 300w, https:\/\/om2amb.mavipet.sk\/wp-content\/uploads\/2015\/11\/TRX-768x541.jpg 768w, https:\/\/om2amb.mavipet.sk\/wp-content\/uploads\/2015\/11\/TRX-1200x846.jpg 1200w, https:\/\/om2amb.mavipet.sk\/wp-content\/uploads\/2015\/11\/TRX.jpg 2048w\" sizes=\"auto, (max-width: 700px) 100vw, 700px\" \/><\/a><\/p>\n<p>Kone\u010dne rie\u0161enie v krabi\u010dke z Ebayu.<\/p>\n<p><a href=\"https:\/\/om2amb.mavipet.sk\/wp-content\/uploads\/2015\/11\/IMG_0196.jpg\"><img loading=\"lazy\" decoding=\"async\" class=\"alignnone wp-image-124 size-large\" src=\"https:\/\/om2amb.mavipet.sk\/wp-content\/uploads\/2015\/11\/IMG_0196-1024x683.jpg\" alt=\"1ch TRX BACK\" width=\"700\" height=\"467\" srcset=\"https:\/\/om2amb.mavipet.sk\/wp-content\/uploads\/2015\/11\/IMG_0196-1024x683.jpg 1024w, https:\/\/om2amb.mavipet.sk\/wp-content\/uploads\/2015\/11\/IMG_0196-300x200.jpg 300w, https:\/\/om2amb.mavipet.sk\/wp-content\/uploads\/2015\/11\/IMG_0196-768x512.jpg 768w, https:\/\/om2amb.mavipet.sk\/wp-content\/uploads\/2015\/11\/IMG_0196-1200x800.jpg 1200w, https:\/\/om2amb.mavipet.sk\/wp-content\/uploads\/2015\/11\/IMG_0196.jpg 2048w\" sizes=\"auto, (max-width: 700px) 100vw, 700px\" \/><\/a> <a href=\"https:\/\/om2amb.mavipet.sk\/wp-content\/uploads\/2015\/11\/IMG_0197.jpg\"><img loading=\"lazy\" decoding=\"async\" class=\"alignnone wp-image-125 size-large\" src=\"https:\/\/om2amb.mavipet.sk\/wp-content\/uploads\/2015\/11\/IMG_0197-1024x683.jpg\" alt=\"1ch TRX FRONT\" width=\"700\" height=\"467\" srcset=\"https:\/\/om2amb.mavipet.sk\/wp-content\/uploads\/2015\/11\/IMG_0197-1024x683.jpg 1024w, https:\/\/om2amb.mavipet.sk\/wp-content\/uploads\/2015\/11\/IMG_0197-300x200.jpg 300w, https:\/\/om2amb.mavipet.sk\/wp-content\/uploads\/2015\/11\/IMG_0197-768x512.jpg 768w, https:\/\/om2amb.mavipet.sk\/wp-content\/uploads\/2015\/11\/IMG_0197-1200x800.jpg 1200w, https:\/\/om2amb.mavipet.sk\/wp-content\/uploads\/2015\/11\/IMG_0197.jpg 2048w\" sizes=\"auto, (max-width: 700px) 100vw, 700px\" \/><\/a> <a href=\"https:\/\/om2amb.mavipet.sk\/wp-content\/uploads\/2015\/11\/IMG_0198.jpg\"><img loading=\"lazy\" decoding=\"async\" class=\"alignnone wp-image-126 size-large\" src=\"https:\/\/om2amb.mavipet.sk\/wp-content\/uploads\/2015\/11\/IMG_0198-1024x683.jpg\" alt=\"1ch TRX INSIDE\" width=\"700\" height=\"467\" srcset=\"https:\/\/om2amb.mavipet.sk\/wp-content\/uploads\/2015\/11\/IMG_0198-1024x683.jpg 1024w, https:\/\/om2amb.mavipet.sk\/wp-content\/uploads\/2015\/11\/IMG_0198-300x200.jpg 300w, https:\/\/om2amb.mavipet.sk\/wp-content\/uploads\/2015\/11\/IMG_0198-768x512.jpg 768w, https:\/\/om2amb.mavipet.sk\/wp-content\/uploads\/2015\/11\/IMG_0198-1200x800.jpg 1200w, https:\/\/om2amb.mavipet.sk\/wp-content\/uploads\/2015\/11\/IMG_0198.jpg 2048w\" sizes=\"auto, (max-width: 700px) 100vw, 700px\" \/><\/a><\/p>\n","protected":false},"excerpt":{"rendered":"<p>Jednoduch\u00fd TRX z dorji modulom. Pou\u017e\u00edvan\u00fd pre APRS a packet r\u00e1dio. Zmenu frekvencie mo\u017eno len rekompil\u00e1ciou FW (cena za pou\u017eitie mal\u00e9ho MCU). V pr\u00edpade probl\u00e9mu z komunik\u00e1ciou medzi MCU a TRX modulom je zablokovan\u00fd PTT, a LED ostane svieti\u0165 \u010di blik\u00e1. Po \u00faspe\u0161nej konfigur\u00e1cii modulu LED svieti po\u010das vysielania. (zdrojove kody) Kone\u010dne rie\u0161enie v krabi\u010dke &#8230; <span class=\"more\"><a class=\"more-link\" href=\"https:\/\/om2amb.mavipet.sk\/?page_id=114\">[Read more&#8230;]<\/a><\/span><\/p>\n","protected":false},"author":1,"featured_media":0,"parent":18,"menu_order":0,"comment_status":"closed","ping_status":"open","template":"","meta":{"footnotes":""},"class_list":["entry","page","publish","author-kylian","post-114"],"_links":{"self":[{"href":"https:\/\/om2amb.mavipet.sk\/index.php?rest_route=\/wp\/v2\/pages\/114","targetHints":{"allow":["GET"]}}],"collection":[{"href":"https:\/\/om2amb.mavipet.sk\/index.php?rest_route=\/wp\/v2\/pages"}],"about":[{"href":"https:\/\/om2amb.mavipet.sk\/index.php?rest_route=\/wp\/v2\/types\/page"}],"author":[{"embeddable":true,"href":"https:\/\/om2amb.mavipet.sk\/index.php?rest_route=\/wp\/v2\/users\/1"}],"replies":[{"embeddable":true,"href":"https:\/\/om2amb.mavipet.sk\/index.php?rest_route=%2Fwp%2Fv2%2Fcomments&post=114"}],"version-history":[{"count":3,"href":"https:\/\/om2amb.mavipet.sk\/index.php?rest_route=\/wp\/v2\/pages\/114\/revisions"}],"predecessor-version":[{"id":154,"href":"https:\/\/om2amb.mavipet.sk\/index.php?rest_route=\/wp\/v2\/pages\/114\/revisions\/154"}],"up":[{"embeddable":true,"href":"https:\/\/om2amb.mavipet.sk\/index.php?rest_route=\/wp\/v2\/pages\/18"}],"wp:attachment":[{"href":"https:\/\/om2amb.mavipet.sk\/index.php?rest_route=%2Fwp%2Fv2%2Fmedia&parent=114"}],"curies":[{"name":"wp","href":"https:\/\/api.w.org\/{rel}","templated":true}]}}